{"id":2427,"date":"2022-09-27T21:58:38","date_gmt":"2022-09-27T21:58:38","guid":{"rendered":"https:\/\/www.ibersaude.pt\/saude\/?page_id=2427"},"modified":"2023-02-17T15:24:22","modified_gmt":"2023-02-17T15:24:22","slug":"quem-somos","status":"publish","type":"page","link":"https:\/\/www.ibersaude.pt\/saude\/quem-somos\/","title":{"rendered":"Quem Somos"},"content":{"rendered":"<p>[vc_row css=&#8221;.vc_custom_1676647436792{margin-top: -70px !important;}&#8221;][vc_column][vc_custom_heading text=&#8221;Quem Somos&#8221; font_container=&#8221;tag:h2|font_size:56|text_align:center&#8221; google_fonts=&#8221;font_family:Jockey%20One%3Aregular|font_style:400%20regular%3A400%3Anormal&#8221;][\/vc_column][\/vc_row][vc_row][vc_column][vc_separator color=&#8221;custom&#8221; border_width=&#8221;4&#8243; el_width=&#8221;20&#8243; accent_color=&#8221;#f8a42a&#8221;][vc_custom_heading text=&#8221;Consigo em todos os momentos&#8221; font_container=&#8221;tag:p|font_size:16|text_align:center|color:%23000000&#8243; use_theme_fonts=&#8221;yes&#8221; css=&#8221;.vc_custom_1664387761903{margin-top: 30px !important;margin-bottom: 60px !important;}&#8221;][\/vc_column][\/vc_row][vc_row][vc_column width=&#8221;1\/2&#8243;][vc_custom_heading text=&#8221;Sou Lu\u00eds Godinho 50 anos de idade, enfermeiro de profiss\u00e3o com 29 anos de experi\u00eancia na promo\u00e7\u00e3o da sa\u00fade nas diversas \u00e1reas de interven\u00e7\u00e3o de enfermagem. Especializei-me na \u00e1rea da sa\u00fade mental, concomitantemente, fiz uma trajet\u00f3ria de aprendizagem na \u00e1rea das feridas complexas e cr\u00f3nicas. Em 2015 com v\u00e1rios enfermeiros, fund\u00e1mos a IberSa\u00fade para dar resposta a diversos problemas que identific\u00e1mos, sentindo que poder\u00edamos fazer diferente e melhor. \u00c9 nossa miss\u00e3o dar aos nossos clientes uma melhor qualidade de vida. Com todos estes anos de experi\u00eancia na \u00e1rea dos cuidados domicili\u00e1rios, a IberSa\u00fade aposta em duas vertentes primordiais.&#8221; font_container=&#8221;tag:p|font_size:16|text_align:left&#8221; google_fonts=&#8221;font_family:Roboto%3A100%2C100italic%2C300%2C300italic%2Cregular%2Citalic%2C500%2C500italic%2C700%2C700italic%2C900%2C900italic|font_style:400%20regular%3A400%3Anormal&#8221;][vc_custom_heading text=&#8221;a. A interven\u00e7\u00e3o na \u00e1rea dos cuidados domicili\u00e1rios dedicada \u00e1 presta\u00e7\u00e3o de cuidados de sa\u00fade que j\u00e1 conta com v\u00e1rios anos de hist\u00f3ria e de experi\u00eancia em identificar as necessidades dos nossos clientes, planeando e executando de forma sistem\u00e1tica e dar respostas de qualidade \u00e0s necessidades identificadas.&#8221; font_container=&#8221;tag:p|font_size:16|text_align:left|color:%23727272&#8243; google_fonts=&#8221;font_family:Roboto%3A100%2C100italic%2C300%2C300italic%2Cregular%2Citalic%2C500%2C500italic%2C700%2C700italic%2C900%2C900italic|font_style:400%20regular%3A400%3Anormal&#8221; css=&#8221;.vc_custom_1666868477081{margin-left: 40px !important;}&#8221;][vc_custom_heading text=&#8221;b. E a interven\u00e7\u00e3o no tratamento de feridas complexas e cronicas; estudos apontam que as feridas complexas apresentam dif\u00edcil resolu\u00e7\u00e3o e associam-se a perda de integridade cut\u00e2nea, infe\u00e7\u00f5es graves, comprometimento da viabilidade dos tecidos e\/ou associa\u00e7\u00e3o com doen\u00e7as sist\u00e9micas que prejudicam o processo de cicatriza\u00e7\u00e3o, resultam numa elevada morbilidade e mortalidade, tendo sido apontadas como um grave problema de sa\u00fade p\u00fablica. A IberSa\u00fade oferece um ilimitado leque de solu\u00e7\u00f5es, utilizando a mais avan\u00e7ada tecnologia dispon\u00edvel no mercado, promovendo estes tratamentos no conforto da casa do cliente.&#8221; font_container=&#8221;tag:p|font_size:16|text_align:left|color:%23727272&#8243; google_fonts=&#8221;font_family:Roboto%3A100%2C100italic%2C300%2C300italic%2Cregular%2Citalic%2C500%2C500italic%2C700%2C700italic%2C900%2C900italic|font_style:400%20regular%3A400%3Anormal&#8221; css=&#8221;.vc_custom_1666868492397{margin-left: 40px !important;}&#8221;][vc_custom_heading text=&#8221;Assim, consideramos que a IberSa\u00fade uma verdadeira resposta ao grande deficit na oferta e na qualidade no apoio domicili\u00e1rio existente no Pa\u00eds. Sob o mote, \u201cconsigo em todos os momentos\u201d, procuramos romper com a ideia de que o apoio domicili\u00e1rio \u00e9 apenas direcionado \u00e0 popula\u00e7\u00e3o s\u00e9nior.&#8221; font_container=&#8221;tag:p|font_size:16|text_align:left|color:%23727272&#8243; google_fonts=&#8221;font_family:Roboto%3A100%2C100italic%2C300%2C300italic%2Cregular%2Citalic%2C500%2C500italic%2C700%2C700italic%2C900%2C900italic|font_style:400%20regular%3A400%3Anormal&#8221;][vc_column_text]<\/p>\n<p style=\"text-align: center;\">Veja o nosso flyer!<\/p>\n<p style=\"text-align: center;\"><a href=\"https:\/\/www.ibersaude.pt\/saude\/wp-content\/uploads\/2022\/09\/Flyer_Ibersaude.pdf\" target=\"_blank\" rel=\"noopener\">Flyer_Ibersa\u00fade<\/a><\/p>\n<p>[\/vc_column_text][\/vc_column][vc_column width=&#8221;1\/2&#8243;][vc_single_image image=&#8221;2525&#8243; img_size=&#8221;full&#8221;][\/vc_column][\/vc_row][vc_row][vc_column][vc_empty_space][\/vc_column][\/vc_row]<\/p>\n","protected":false},"excerpt":{"rendered":"<p>[vc_row css=&#8221;.vc_custom_1676647436792{margin-top: -70px !important;}&#8221;][vc_column][vc_custom_heading text=&#8221;Quem Somos&#8221; font_container=&#8221;tag:h2|font_size:56|text_align:center&#8221; google_fonts=&#8221;font_family:Jockey%20One%3Aregular|font_style:400%20regular%3A400%3Anormal&#8221;][\/vc_column][\/vc_row][vc_row][vc_column][vc_separator color=&#8221;custom&#8221; border_width=&#8221;4&#8243; el_width=&#8221;20&#8243; accent_color=&#8221;#f8a42a&#8221;][vc_custom_heading text=&#8221;Consigo em todos os momentos&#8221; font_container=&#8221;tag:p|font_size:16|text_align:center|color:%23000000&#8243; use_theme_fonts=&#8221;yes&#8221; css=&#8221;.vc_custom_1664387761903{margin-top: 30px !important;margin-bottom: 60px !important;}&#8221;][\/vc_column][\/vc_row][vc_row][vc_column width=&#8221;1\/2&#8243;][vc_custom_heading text=&#8221;Sou Lu\u00eds Godinho 50 anos de idade, enfermeiro de profiss\u00e3o com 29 anos de experi\u00eancia na promo\u00e7\u00e3o da sa\u00fade nas diversas \u00e1reas de interven\u00e7\u00e3o de enfermagem. Especializei-me na \u00e1rea da<\/p>\n","protected":false},"author":1,"featured_media":0,"parent":0,"menu_order":0,"comment_status":"closed","ping_status":"closed","template":"","meta":{"_joinchat":[],"footnotes":""},"class_list":["post-2427","page","type-page","status-publish","hentry"],"yoast_head":"<!-- This site is optimized with the Yoast SEO plugin v21.4 - https:\/\/yoast.com\/wordpress\/plugins\/seo\/ -->\n<title>Quem Somos - Ibersa\u00fade Sa\u00fade<\/title>\n<meta name=\"description\" content=\"O que nos diferencia \u00e9 a capacidade de intervir, atrav\u00e9s de uma ampla diversidade de produtos e servi\u00e7os, na promo\u00e7\u00e3o, manuten\u00e7\u00e3o e recupera\u00e7\u00e3o da qualidade de vida da pessoa\/fam\u00edlia, durante todo o seu ciclo de vida\" \/>\n<meta name=\"robots\" content=\"index, follow, max-snippet:-1, max-image-preview:large, max-video-preview:-1\" \/>\n<link rel=\"canonical\" href=\"https:\/\/www.ibersaude.pt\/saude\/quem-somos\/\" \/>\n<meta property=\"og:locale\" content=\"pt_PT\" \/>\n<meta property=\"og:type\" content=\"article\" \/>\n<meta property=\"og:title\" content=\"Quem Somos - Ibersa\u00fade Sa\u00fade\" \/>\n<meta property=\"og:description\" content=\"O que nos diferencia \u00e9 a capacidade de intervir, atrav\u00e9s de uma ampla diversidade de produtos e servi\u00e7os, na promo\u00e7\u00e3o, manuten\u00e7\u00e3o e recupera\u00e7\u00e3o da qualidade de vida da pessoa\/fam\u00edlia, durante todo o seu ciclo de vida\" \/>\n<meta property=\"og:url\" content=\"https:\/\/www.ibersaude.pt\/saude\/quem-somos\/\" \/>\n<meta property=\"og:site_name\" content=\"Ibersa\u00fade Sa\u00fade\" \/>\n<meta property=\"article:modified_time\" content=\"2023-02-17T15:24:22+00:00\" \/>\n<meta name=\"twitter:card\" content=\"summary_large_image\" \/>\n<meta name=\"twitter:label1\" content=\"Tempo estimado de leitura\" \/>\n\t<meta name=\"twitter:data1\" content=\"2 minutos\" \/>\n<script type=\"application\/ld+json\" class=\"yoast-schema-graph\">{\"@context\":\"https:\/\/schema.org\",\"@graph\":[{\"@type\":\"WebPage\",\"@id\":\"https:\/\/www.ibersaude.pt\/saude\/quem-somos\/\",\"url\":\"https:\/\/www.ibersaude.pt\/saude\/quem-somos\/\",\"name\":\"Quem Somos - Ibersa\u00fade Sa\u00fade\",\"isPartOf\":{\"@id\":\"https:\/\/www.ibersaude.pt\/saude\/#website\"},\"datePublished\":\"2022-09-27T21:58:38+00:00\",\"dateModified\":\"2023-02-17T15:24:22+00:00\",\"description\":\"O que nos diferencia \u00e9 a capacidade de intervir, atrav\u00e9s de uma ampla diversidade de produtos e servi\u00e7os, na promo\u00e7\u00e3o, manuten\u00e7\u00e3o e recupera\u00e7\u00e3o da qualidade de vida da pessoa\/fam\u00edlia, durante todo o seu ciclo de vida\",\"breadcrumb\":{\"@id\":\"https:\/\/www.ibersaude.pt\/saude\/quem-somos\/#breadcrumb\"},\"inLanguage\":\"pt-PT\",\"potentialAction\":[{\"@type\":\"ReadAction\",\"target\":[\"https:\/\/www.ibersaude.pt\/saude\/quem-somos\/\"]}]},{\"@type\":\"BreadcrumbList\",\"@id\":\"https:\/\/www.ibersaude.pt\/saude\/quem-somos\/#breadcrumb\",\"itemListElement\":[{\"@type\":\"ListItem\",\"position\":1,\"name\":\"In\u00edcio\",\"item\":\"https:\/\/www.ibersaude.pt\/saude\/\"},{\"@type\":\"ListItem\",\"position\":2,\"name\":\"Quem Somos\"}]},{\"@type\":\"WebSite\",\"@id\":\"https:\/\/www.ibersaude.pt\/saude\/#website\",\"url\":\"https:\/\/www.ibersaude.pt\/saude\/\",\"name\":\"Ibersa\u00fade Sa\u00fade\",\"description\":\"Consigo em todos os momentos.\",\"potentialAction\":[{\"@type\":\"SearchAction\",\"target\":{\"@type\":\"EntryPoint\",\"urlTemplate\":\"https:\/\/www.ibersaude.pt\/saude\/?s={search_term_string}\"},\"query-input\":\"required name=search_term_string\"}],\"inLanguage\":\"pt-PT\"}]}<\/script>\n<!-- \/ Yoast SEO plugin. -->","yoast_head_json":{"title":"Quem Somos - Ibersa\u00fade Sa\u00fade","description":"O que nos diferencia \u00e9 a capacidade de intervir, atrav\u00e9s de uma ampla diversidade de produtos e servi\u00e7os, na promo\u00e7\u00e3o, manuten\u00e7\u00e3o e recupera\u00e7\u00e3o da qualidade de vida da pessoa\/fam\u00edlia, durante todo o seu ciclo de vida","robots":{"index":"index","follow":"follow","max-snippet":"max-snippet:-1","max-image-preview":"max-image-preview:large","max-video-preview":"max-video-preview:-1"},"canonical":"https:\/\/www.ibersaude.pt\/saude\/quem-somos\/","og_locale":"pt_PT","og_type":"article","og_title":"Quem Somos - Ibersa\u00fade Sa\u00fade","og_description":"O que nos diferencia \u00e9 a capacidade de intervir, atrav\u00e9s de uma ampla diversidade de produtos e servi\u00e7os, na promo\u00e7\u00e3o, manuten\u00e7\u00e3o e recupera\u00e7\u00e3o da qualidade de vida da pessoa\/fam\u00edlia, durante todo o seu ciclo de vida","og_url":"https:\/\/www.ibersaude.pt\/saude\/quem-somos\/","og_site_name":"Ibersa\u00fade Sa\u00fade","article_modified_time":"2023-02-17T15:24:22+00:00","twitter_card":"summary_large_image","twitter_misc":{"Tempo estimado de leitura":"2 minutos"},"schema":{"@context":"https:\/\/schema.org","@graph":[{"@type":"WebPage","@id":"https:\/\/www.ibersaude.pt\/saude\/quem-somos\/","url":"https:\/\/www.ibersaude.pt\/saude\/quem-somos\/","name":"Quem Somos - Ibersa\u00fade Sa\u00fade","isPartOf":{"@id":"https:\/\/www.ibersaude.pt\/saude\/#website"},"datePublished":"2022-09-27T21:58:38+00:00","dateModified":"2023-02-17T15:24:22+00:00","description":"O que nos diferencia \u00e9 a capacidade de intervir, atrav\u00e9s de uma ampla diversidade de produtos e servi\u00e7os, na promo\u00e7\u00e3o, manuten\u00e7\u00e3o e recupera\u00e7\u00e3o da qualidade de vida da pessoa\/fam\u00edlia, durante todo o seu ciclo de vida","breadcrumb":{"@id":"https:\/\/www.ibersaude.pt\/saude\/quem-somos\/#breadcrumb"},"inLanguage":"pt-PT","potentialAction":[{"@type":"ReadAction","target":["https:\/\/www.ibersaude.pt\/saude\/quem-somos\/"]}]},{"@type":"BreadcrumbList","@id":"https:\/\/www.ibersaude.pt\/saude\/quem-somos\/#breadcrumb","itemListElement":[{"@type":"ListItem","position":1,"name":"In\u00edcio","item":"https:\/\/www.ibersaude.pt\/saude\/"},{"@type":"ListItem","position":2,"name":"Quem Somos"}]},{"@type":"WebSite","@id":"https:\/\/www.ibersaude.pt\/saude\/#website","url":"https:\/\/www.ibersaude.pt\/saude\/","name":"Ibersa\u00fade Sa\u00fade","description":"Consigo em todos os momentos.","potentialAction":[{"@type":"SearchAction","target":{"@type":"EntryPoint","urlTemplate":"https:\/\/www.ibersaude.pt\/saude\/?s={search_term_string}"},"query-input":"required name=search_term_string"}],"inLanguage":"pt-PT"}]}},"_links":{"self":[{"href":"https:\/\/www.ibersaude.pt\/saude\/wp-json\/wp\/v2\/pages\/2427","targetHints":{"allow":["GET"]}}],"collection":[{"href":"https:\/\/www.ibersaude.pt\/saude\/wp-json\/wp\/v2\/pages"}],"about":[{"href":"https:\/\/www.ibersaude.pt\/saude\/wp-json\/wp\/v2\/types\/page"}],"author":[{"embeddable":true,"href":"https:\/\/www.ibersaude.pt\/saude\/wp-json\/wp\/v2\/users\/1"}],"replies":[{"embeddable":true,"href":"https:\/\/www.ibersaude.pt\/saude\/wp-json\/wp\/v2\/comments?post=2427"}],"version-history":[{"count":12,"href":"https:\/\/www.ibersaude.pt\/saude\/wp-json\/wp\/v2\/pages\/2427\/revisions"}],"predecessor-version":[{"id":2548,"href":"https:\/\/www.ibersaude.pt\/saude\/wp-json\/wp\/v2\/pages\/2427\/revisions\/2548"}],"wp:attachment":[{"href":"https:\/\/www.ibersaude.pt\/saude\/wp-json\/wp\/v2\/media?parent=2427"}],"curies":[{"name":"wp","href":"https:\/\/api.w.org\/{rel}","templated":true}]}}